{"id":22883,"date":"2023-09-20T16:45:21","date_gmt":"2023-09-20T21:45:21","guid":{"rendered":"https:\/\/www.vallecia.com\/team\/luis-valle-2\/"},"modified":"2023-09-20T17:18:41","modified_gmt":"2023-09-20T22:18:41","slug":"luis-valle","status":"publish","type":"cpt_team","link":"https:\/\/www.vallecia.com\/en\/team\/luis-valle\/","title":{"rendered":"Luis Valle"},"content":{"rendered":"\n<p><\/p>\n\n\n\n<p><\/p>\n\n\n\n<p><\/p>\n\n\n\n<p><\/p>\n\n\n\n<div class=\"wp-block-columns is-layout-flex wp-container-core-columns-is-layout-9d6595d7 wp-block-columns-is-layout-flex\">\n<div class=\"wp-block-column is-layout-flow wp-block-column-is-layout-flow\">\n<figure class=\"wp-block-gallery has-nested-images columns-default is-cropped wp-block-gallery-1 is-layout-flex wp-block-gallery-is-layout-flex\">\n<figure class=\"wp-block-image size-large is-resized\"><img decoding=\"async\" data-id=\"22543\" src=\"http:\/\/www.vallecia.com\/wp-content\/uploads\/2023\/07\/Luis-Valle3370-1-804x1024.png\" alt=\"\" class=\"wp-image-22543\" style=\"width:500px\" width=\"500\" srcset=\"https:\/\/www.vallecia.com\/wp-content\/uploads\/2023\/07\/Luis-Valle3370-1-804x1024.png 804w, https:\/\/www.vallecia.com\/wp-content\/uploads\/2023\/07\/Luis-Valle3370-1-236x300.png 236w, https:\/\/www.vallecia.com\/wp-content\/uploads\/2023\/07\/Luis-Valle3370-1-768x978.png 768w, https:\/\/www.vallecia.com\/wp-content\/uploads\/2023\/07\/Luis-Valle3370-1-1207x1536.png 1207w, https:\/\/www.vallecia.com\/wp-content\/uploads\/2023\/07\/Luis-Valle3370-1-1609x2048.png 1609w, https:\/\/www.vallecia.com\/wp-content\/uploads\/2023\/07\/Luis-Valle3370-1-370x471.png 370w, https:\/\/www.vallecia.com\/wp-content\/uploads\/2023\/07\/Luis-Valle3370-1-840x1069.png 840w, https:\/\/www.vallecia.com\/wp-content\/uploads\/2023\/07\/Luis-Valle3370-1-410x522.png 410w, https:\/\/www.vallecia.com\/wp-content\/uploads\/2023\/07\/Luis-Valle3370-1.png 1707w\" sizes=\"(max-width: 804px) 100vw, 804px\" \/><\/figure>\n<\/figure>\n<\/div>\n\n\n\n<div class=\"wp-block-column is-layout-flow wp-block-column-is-layout-flow\">\n<p class=\"has-text-hover-3-color has-text-color\" style=\"font-size:25px\"><strong>Founding Partner<\/strong><\/p>\n\n\n\n<p style=\"font-size:14px\"><br>Lawyer from the Pontifical Catholic University of Peru, with a Master&#8217;s Degree in Public Policy from the School of Government of the University of Maastricht (Holland) and a Master&#8217;s Degree in Tax Consulting from the Garrigues Studies Center (Spain).<\/p>\n\n\n\n<p style=\"font-size:14px\">He has been a leading partner and member of the tax law areas of KPMG, Arbe Abogados, Garrigues, Ferrero Abogados (PPU), Enel, Hern\u00e1ndez &amp; C\u00eda, EY, Arthur Andersen.<\/p>\n\n\n\n<p style=\"font-size:14px\">He is in charge of national and international corporate tax advice for various public and private clients &#8211; from the telecommunications, financial, insurance, investment, construction, real estate, industrial, technological, audiovisual, digital, logistics, mining, retail, agriculture, sports, education sectors. , primarily focused on companies with sophisticated financing structures and on the analysis of business transactions to help their clients develop integrated tax approaches through compliance with local and international tax laws, restructuring of corporate assets, company reorganization or application of treaties to avoid double or multiple taxation.<\/p>\n\n\n\n<p style=\"font-size:14px\">He has been vice president of the Tax Affairs Committee of AMCHAM and AFIN. He is a member of the Peruvian Institute of Tax Law (IPDT), the International Tax Association (IFA), and the Peruvian Institute of Tax Research and Development (IPIDET).<\/p>\n\n\n\n<p style=\"font-size:14px\">He is a Professor at different universities, researcher and lecturer.<\/p>\n\n\n\n<p style=\"font-size:14px\">He has been recognized by international guides such as Chambers &amp; Partners, Leaders League and Best Lawyers, as one of the most prominent Peruvian tax lawyers.<\/p>\n<\/div>\n<\/div>\n\n\n\n<p><\/p>\n","protected":false},"excerpt":{"rendered":"<p>Abogado por la Pontificia Universidad Cat\u00f3lica del Per\u00fa, con Maestr\u00eda en Pol\u00edticas P\u00fablicas en la Escuela de Gobierno de la Universidad de Maastricht (Holanda) y con Maestr\u00eda en Asesor\u00eda Fiscal por el Centro de Estudios Garrigues (Espa\u00f1a).<\/p>\n","protected":false},"author":1,"featured_media":0,"comment_status":"closed","ping_status":"closed","template":"","cpt_team_group":[],"class_list":["post-22883","cpt_team","type-cpt_team","status-publish","hentry"],"_links":{"self":[{"href":"https:\/\/www.vallecia.com\/en\/wp-json\/wp\/v2\/cpt_team\/22883","targetHints":{"allow":["GET"]}}],"collection":[{"href":"https:\/\/www.vallecia.com\/en\/wp-json\/wp\/v2\/cpt_team"}],"about":[{"href":"https:\/\/www.vallecia.com\/en\/wp-json\/wp\/v2\/types\/cpt_team"}],"author":[{"embeddable":true,"href":"https:\/\/www.vallecia.com\/en\/wp-json\/wp\/v2\/users\/1"}],"replies":[{"embeddable":true,"href":"https:\/\/www.vallecia.com\/en\/wp-json\/wp\/v2\/comments?post=22883"}],"wp:attachment":[{"href":"https:\/\/www.vallecia.com\/en\/wp-json\/wp\/v2\/media?parent=22883"}],"wp:term":[{"taxonomy":"cpt_team_group","embeddable":true,"href":"https:\/\/www.vallecia.com\/en\/wp-json\/wp\/v2\/cpt_team_group?post=22883"}],"curies":[{"name":"wp","href":"https:\/\/api.w.org\/{rel}","templated":true}]}}

<p></p>



<p></p>



<p></p>



<p></p>



<div class="wp-block-columns is-layout-flex wp-container-core-columns-is-layout-9d6595d7 wp-block-columns-is-layout-flex">
<div class="wp-block-column is-layout-flow wp-block-column-is-layout-flow">
<figure class="wp-block-gallery has-nested-images columns-default is-cropped wp-block-gallery-1 is-layout-flex wp-block-gallery-is-layout-flex">
<figure class="wp-block-image size-large is-resized"><img decoding="async" data-id="22543" src="http://www.vallecia.com/wp-content/uploads/2023/07/Luis-Valle3370-1-804x1024.png" alt="" class="wp-image-22543" style="width:500px" width="500" srcset="https://www.vallecia.com/wp-content/uploads/2023/07/Luis-Valle3370-1-804x1024.png 804w, https://www.vallecia.com/wp-content/uploads/2023/07/Luis-Valle3370-1-236x300.png 236w, https://www.vallecia.com/wp-content/uploads/2023/07/Luis-Valle3370-1-768x978.png 768w, https://www.vallecia.com/wp-content/uploads/2023/07/Luis-Valle3370-1-1207x1536.png 1207w, https://www.vallecia.com/wp-content/uploads/2023/07/Luis-Valle3370-1-1609x2048.png 1609w, https://www.vallecia.com/wp-content/uploads/2023/07/Luis-Valle3370-1-370x471.png 370w, https://www.vallecia.com/wp-content/uploads/2023/07/Luis-Valle3370-1-840x1069.png 840w, https://www.vallecia.com/wp-content/uploads/2023/07/Luis-Valle3370-1-410x522.png 410w, https://www.vallecia.com/wp-content/uploads/2023/07/Luis-Valle3370-1.png 1707w" sizes="(max-width: 804px) 100vw, 804px" /></figure>
</figure>
</div>



<div class="wp-block-column is-layout-flow wp-block-column-is-layout-flow">
<p class="has-text-hover-3-color has-text-color" style="font-size:25px"><strong>Founding Partner</strong></p>



<p style="font-size:14px"><br>Lawyer from the Pontifical Catholic University of Peru, with a Master&#8217;s Degree in Public Policy from the School of Government of the University of Maastricht (Holland) and a Master&#8217;s Degree in Tax Consulting from the Garrigues Studies Center (Spain).</p>



<p style="font-size:14px">He has been a leading partner and member of the tax law areas of KPMG, Arbe Abogados, Garrigues, Ferrero Abogados (PPU), Enel, Hernández &amp; Cía, EY, Arthur Andersen.</p>



<p style="font-size:14px">He is in charge of national and international corporate tax advice for various public and private clients &#8211; from the telecommunications, financial, insurance, investment, construction, real estate, industrial, technological, audiovisual, digital, logistics, mining, retail, agriculture, sports, education sectors. , primarily focused on companies with sophisticated financing structures and on the analysis of business transactions to help their clients develop integrated tax approaches through compliance with local and international tax laws, restructuring of corporate assets, company reorganization or application of treaties to avoid double or multiple taxation.</p>



<p style="font-size:14px">He has been vice president of the Tax Affairs Committee of AMCHAM and AFIN. He is a member of the Peruvian Institute of Tax Law (IPDT), the International Tax Association (IFA), and the Peruvian Institute of Tax Research and Development (IPIDET).</p>



<p style="font-size:14px">He is a Professor at different universities, researcher and lecturer.</p>



<p style="font-size:14px">He has been recognized by international guides such as Chambers &amp; Partners, Leaders League and Best Lawyers, as one of the most prominent Peruvian tax lawyers.</p>
</div>
</div>



<p></p>

<p>Abogado por la Pontificia Universidad Católica del Perú, con Maestría en Políticas Públicas en la Escuela de Gobierno de la Universidad de Maastricht (Holanda) y con Maestría en Asesoría Fiscal por el Centro de Estudios Garrigues (España).</p>
